= -66*z**2 - 2*z + 2. What is n(u)?
-66
Let t(y) = -6*y - 4. Suppose 0 = -20*x + 17*x + 2862. Let m = -957 + x. Calculate t(m).
14
Suppose -w - 30 = 5*q, 38 = -0*q - 4*q + 2*w. Let r(m) be the third derivative of -m**5/60 - 5*m**4/24 + 7*m**3/6 + 942*m**2. Give r(q).
-7
Let t(a) = 8*a - 6. Let g = 337 + -308. Suppose -5*m + 49 = g. Give t(m).
26
Let w(m) = -m**2 + m - 4. Let z(u) be the second derivative of -3*u**3/2 - 52*u**2 + 28*u + 1. Let x be z(-12). Give w(x).
-16
Let r(j) = j**3 - 5*j**2 - 6*j + 6. Suppose 25*c - 22*c = -567. Let k = c - -195. Determine r(k).
6
Let t = 58119 - 58120. Let s(h) be the second derivative of -21*h**5/20 - h**4/12 - h**3/6 - 2*h. Determine s(t).
21
Let t(l) be the second derivative of 1/6*l**3 + 9/2*l**2 - l - 26. What is t(-13)?
-4
Let z(c) = -c**2 + 19*c - 56. Suppose 4*o - k - 59 = 5, -2*k = -o + 9. Give z(o).
-22
Suppose 15 + 15 = 3*y. Suppose -4*f - 5*c = -2*c + 8, -2*f = -2*c - y. Let k(z) = 14*z + 0 - 15*z - 7 - f. Determine k(-4).
-4
Let h(v) = v**2 + 4*v - 7. Suppose -3*o + 4 = -2, 0 = -5*b + 4*o - 18. Let m be b/(18/20 - 16/40). What is h(m)?
-7
Let d(i) = -4*i + 634. Let l(n) = -3*n + 127. Let z(k) = 2*d(k) - 11*l(k). Calculate z(5).
-4
Let l = -7 - -14. Suppose -3*b - 5*f - 16 = 0, -l*b - f = -3*b - 7. Let u(y) = -14 - y**3 + 13*y**2 - 10*y**2 + 15. What is u(b)?
1
Let r(x) = -5*x + 4*x**2 - x - 5 - 3*x**2. Let j = 665 + -581. Suppose 27*g - j = 15*g. Calculate r(g).
2
Let d(o) = -4*o**2 + 148*o + 162. Let c be d(38). Let f(s) = s**3 - 11*s**2 + 9*s + 9. Calculate f(c).
-1
Let f = -12547 - -12545. Let w(j) = -2*j**2 - 6*j - 8. Calculate w(f).
-4
Suppose 32 = 11*g - 15*g. Let r(y) = -19*y - 250*y**2 - 4 + 126*y**2 + 123*y**2 + 3*y + 4*y. What is r(g)?
28
Let z be (-95)/57 - 50/(-3). Suppose 22 = 3*t - 38. Let w = t - z. Let x(n) = -n**3 + 5*n**2 - 2*n + 3. Calculate x(w).
-7
Let l(y) = 42*y**2 + 21*y - 3. Let j(r) = -10*r**2. Let m(b) = 4*j(b) + l(b). What is m(-11)?
8
Let u be 12 + -1 + 26/(364/(-154)). Let x(j) = j**2 - 5*j + 51. Give x(u).
51
Let p(h) be the third derivative of -h**5/40 - 5*h**4/12 - 9*h**3/2 + 4*h**2. Let c(g) be the first derivative of p(g). Determine c(-8).
14
Let k(o) = -o**2 + 6*o - 7. Let u(r) = 5*r - 8. Let m be u(2). Suppose -4*g - 51 = -4*t - 11, -2*t = m*g. Give k(t).
-2
Let g(x) be the second derivative of 1/6*x**3 - 13/2*x**2 - 1/12*x**4 + 0 + 109*x. Calculate g(0).
-13
Suppose 9*n = -23 + 221. Let g(p) = 15*p + 13*p + n*p - 7 + 16*p - 67*p. What is g(-7)?
0
Suppose -378 = -24*z + 6*z. Suppose z*f + 35 = -28. Let x(j) = j**3 + 3*j**2 + j + 2. Calculate x(f).
-1
Let m(i) be the third derivative of i**5/60 - 3*i**4/8 - 13*i**3/6 - 96*i**2 + 13*i. Give m(8).
-21
Let n(b) = -15*b**2 + 21*b - 11. Let m(d) = -3*d**2 + 4*d - 2. Let u(g) = -11*m(g) + 2*n(g). Let q = -9 + 45. Let f = -34 + q. Give u(f).
8
Suppose q + 3*x - 8 = 0, 3*x = -4*q - 188 + 193. Let k(v) = -8*v + 2. Give k(q).
10
Let b(l) = -l + 37 + 115 - 73 + 5*l. Determine b(-20).
-1
Let t(p) = p**2 + 7*p - 43. Let s(l) = -l**2 - 13*l + 99. Let y(f) = -4*s(f) - 9*t(f). Give y(-2).
-7
Let o be -3*2 - (-281 - -278). Let g(w) = -3 + 3 - w**2 + w - 4*w. Give g(o).
0
Let p(d) = -d**3 - 8*d**2 - 8*d + 7. Let q be 5 - (3/(-1) - 2*-2). Suppose 35 = -5*b + q*w, -b + 0 - 7 = 4*w. Calculate p(b).
14
Let n be (-32)/224 - 232/(-56). Let y(v) = 7*v + 12. What is y(n)?
40
Let t(u) be the first derivative of -u**3/3 + u**2/2 - 2678. Calculate t(-3).
-12
Let g(h) = -3*h**2 - 13 + 20*h - 5*h - 7*h - 13*h**3 + 6*h**3 - 12*h. Let b(r) = 4*r**3 + r**2 + 2*r + 7. Let p(l) = 5*b(l) + 3*g(l). What is p(-3)?
-7
Let p(q) be the first derivative of -q**5/120 + q**4/6 + 14*q**3/3 + 2*q - 170. Let y(w) be the third derivative of p(w). Give y(-11).
15
Suppose -12*q = -4*q + 616. Let i = q - -85. Suppose 4*r - 3*f + 8 = 0, 2*f = -0*f - i. Let t(l) = l**2 + l - 7. Determine t(r).
13
Let x(h) = -h**2 - 28*h + 40. Suppose 0 = -3*q - w - 94, 6*w + 79 = -2*q + 3*w. Give x(q).
11
Let r be (2*15/(-20))/((-12)/40). Suppose 20 - 45 = r*b. Let x(l) = -l**2 - l + 6. Give x(b).
-14
Let c(b) = -b**3 - 4*b**2 + 78*b + 78*b - 6 - 218*b + 68*b. Suppose -w - 15 = 2*w. What is c(w)?
-11
Let k be 0/(-1) - (3 - 9). Let d(z) = z**2 - 7*z + 3. Let i be d(k). Let b(g) = -10 + 7 - g + 3 - 8 + 7. Give b(i).
2
Suppose 4 = 2*p + 5*s, -5*p + 3 + 7 = 2*s. Let t(i) = -2*i**3 - 64*i**2 - 62*i**2 + 126*i**p + 3*i - 2. Determine t(2).
-12
Let p = -3 + -5. Let t(y) = -y + 2327 + 2*y - 6975 + 2319 + 2320. What is t(p)?
-17
Let n(r) = r + 6. Let v be n(6). Let g(z) = -v + 9 - z + 11 + 0. Suppose -q + 12 = 2*y, -5*q + 20 = 5*y - 0*y. Give g(y).
0
Let c(v) = 44*v + 11. Let g be (-24)/(-40) - (-12 + 365/25). Calculate c(g).
-77
Let y(t) = -2*t + 1. Let c = -308 + 64. Let x = c + 240. Give y(x).
9
Let t(f) = 17*f - f**3 + 4*f + 10*f - 13 - 15*f - 7*f**2. What is t(-9)?
5
Let n(o) = 10*o - 38*o - 1 + 3*o + 5*o - o. Let k(g) = -g**3 - 8*g**2 - 6*g + 8. Let a be k(-7). Determine n(a).
-22
Suppose -188 = -267*x + 173*x. Let o(c) = -9*c + 12. Determine o(x).
-6
Let j(z) = 4*z**2 - z - 1. Let l = 593 - 591. Suppose -5*p + 3*p + 3*r + 7 = 0, l*r = -2*p + 2. What is j(p)?
13
Suppose -r = 4*k, -4*k + 16 = 5*r - 0. Let y(g) = -8*g**2 + 0*g**2 + 9*g**2 - g. Let o(z) = -2*z**2 + 2*z - 3. Let b(h) = k*o(h) - y(h). Calculate b(0).
3
Let i = -749 - -753. Let g(f) = -1 + i*f + 4*f - 3 - 3 + 11. Determine g(-6).
-44
Let r(o) = 5*o**3 - 6*o**2 + o + 1. Let c(d) = 12*d**3 - 12*d**2 + 6*d - 1. Let h(k) = c(k) - 2*r(k). Calculate h(1).
3
Let m(o) = 3*o**2 - 3*o + 4. Let j be m(2). Suppose -18 = -j*x + x. Let a(z) = 15 - 4*z**x - 18 + 2*z**2 - z + z**3. Calculate a(3).
3
Let l(v) = v**3 - v**2 - v - 1. Let u(q) = -4*q**3 - 9*q**2 - 9*q - 10. Let b(c) = 3*l(c) + u(c). What is b(-11)?
-2
Let l(g) = 2*g**2 - 11*g - 7. Let w(x) = -32*x**2 + 177*x + 111. Let d(t) = -33*l(t) - 2*w(t). What is d(3)?
18
Let v(s) = s**2 + 7*s + 2. Let l(t) = 2*t + 1. Let p(q) = -7*l(q) + 2*v(q). Suppose -2*w = -2*j + 61 - 51, -4*w + 44 = 4*j. What is p(w)?
15
Let i(a) be the third derivative of a**6/120 - a**5/6 - a**4/12 + a**3/2 + 983*a**2 - 1. Determine i(10).
-17
Let d(h) = -6 - h**3 + 6*h**2 + 0*h + 0*h. Let t(x) = -2*x**3 - 2*x**2 + 4*x + 2. Let b be t(0). Suppose b = i - 2*l + 4, -3*i = 2*l - 26. What is d(i)?
-6
Let x(k) = k**2 - 14*k - 4. Let g(c) = -4*c**2 - 93*c + 88. Let p be g(-24). Give x(p).
28
Let w be (-9 - 124/(-12)) + (-10)/3 + -6. Let b(m) be the third derivative of -m**4/24 - 4*m**3/3 - 3*m**2. What is b(w)?
0
Let l(q) = -24 + 8 + 35 - 5*q + 7. Give l(5).
1
Let n(q) = -q**3 + 2*q**2 + 1. Let c(y) = -4*y**3 - 6*y**2 + 9*y + 19. Let g(w) = c(w) - 3*n(w). Calculate g(-13).
68
Let f(g) = 24*g**2 - g. Suppose 17*l = 1659 + 1333. Let c = 177 - l. Give f(c).
23
Let t(o) = 26 - 4 - 192*o + 195*o + 7. Let r be t(-11). Let k(m) = 3*m + 5. Let c(a) = -2*a - 3. Let n(l) = -7*c(l) - 5*k(l). What is n(r)?
0
Let i(z) = -1413 + 1434 + 5*z**3 + 14*z + 15*z - 12*z**2 - 4*z**3. What is i(8)?
-3
Let z(i) be the second derivative of -i**6/720 - i**5/8 - 73*i**4/12 - 3*i + 1. Let c(m) be the third derivative of z(m). What is c(-11)?
-4
Let i(d) = 12*d**2 + 7*d - 85*d**3 - 89*d**3 - 92*d**3 - 3 + 264*d**3 + 3*d. Calculate i(6).
57
Let g be (-130)/(-26) - (2 + -8). Suppose 5*p = -g*p. Let i(u) = u - 23. What is i(p)?
-23
Let o(k) = -3*k + 6. Suppose -254*u = -238*u - 240. What is o(u)?
-39
Suppose q = 152 - 145. Suppose -3*j - s = -q, -s - 14 = -j - 3*j. Let r(w) = -7*w + 10. Determine r(j).
-11
Let d(m) = -m**3 - 8*m**2 - 6*m + 15. Let h(u) = -352*u - 5284. Let t be h(-15). Calculate d(t).
-25
Let k(f) = -f**3 + f**2 - 5*f - 2. Suppose 29*p = 29 + 108 - 21. Calculate k(p).
-70
Let u(v) = -2 - 3 + 73*v - 26*v + 70*v + 3. What is u(-1)?
-119
Let c(j) = -9*j. Let f = -225 - -238. Suppose -61*u - f = -74*u. Give c(u).
-9
Let p = -24 + 34. Suppose -16*k - p = -90. Let g(i) = -3*i**2 - 15*i + 10. Let r(n) = n**2 + 7*n - 5. Let w(a) = 2*g(a) + 5*r(a). Calculate w(k).
-5
Let j(i) = 1286*i - 6448. Let m be j(5). Let r(q) = q**2 + 21*q + 21. Give r(m).
-33
Suppose 47*r + 1170 = 11*r - 42*r. Let m(o) = -24*o - 361. What is m(r)?
-1
Let u = 1 + -15. Let z be (-3 + 1)*(-2)/8*u. Let f be (-4)/42*-3 - 19/z. Let r(a) = -a**2 + 2*a - 2. Determin